c = -6 - 9. Suppose x = 3*y + w*y. List the prime factors of y.
2, 3
Suppose 5 = 2*z - 7*z. Let j be (-1)/(z/(-1))*0 + -39. Let f = 44 + j. What are the prime factors of f?
5
Suppose 0 = 65*i - 69*i + 2160. List the prime factors of i.
2, 3, 5
Suppose m = -6*m - 42. Let j be 1*m*(-6 + (-65)/(-10)). List the prime factors of j*136/(-12) - -1.
5, 7
Suppose -3851 = -2*u + 3*s, 3907 + 3792 = 4*u - 3*s. What are the prime factors of u?
2, 13, 37
Suppose -5*z - 714 = -12*z. Suppose j - k = 296, -2*k = j - 203 - z. List the prime factors of j.
13, 23
Let q be (-12 - (-3 + 4722))*2/(-3). Let i = q + -1745. What are the prime factors of i?
1409
Suppose 4*p - w - 254769 = 0, 16053 = p - 3*w - 47631. List the prime factors of p.
3, 7, 337
Suppose 4*c = 7*c - 5*n - 13, 2*c = -n + 13. Suppose -c*j = 3*z - 11*j - 2486, 5*z + 4*j - 4094 = 0. List the prime factors of z.
2, 3, 137
Suppose -4*v + v = -2*c - 569, 4*v + 2*c = 754. Let m = v - 34. Suppose 3*l - 7*y + 2*y = m, 3*y = -3. What are the prime factors of l?
2, 5
Suppose 4 = -34*x + 35*x. Suppose -3*w = -119 - x. Suppose 5*r + 4*t - w = 2*r, 5*r - 74 = -t. List the prime factors of r.
3, 5
Suppose 39496*r = 39491*r + 29275. What are the prime factors of r?
5, 1171
Let n be 8234 + -9 + (0 - 1). Suppose -20*o - 1124 + n = 0. List the prime factors of o.
5, 71
Let s(i) = -i**2 + 9*i - 12. Let v be s(7). Suppose -3*o = -v*o - 5. Suppose o*r - 67 = -g, r - 29 = -0*r + 5*g. What are the prime factors of r?
2, 7
Let v be 6 - ((-7 - -21) + -9). What are the prime factors of v + -419*(-3)/3?
2, 3, 5, 7
Let v be 1/(3 + 32/(-10)). Let l = v - -13. Suppose 2*n - 4*c - 132 = 0, -4*n + l*n = -4*c + 240. What are the prime factors of n?
2, 31
List the prime factors of -3*(3/(-15))/(6/43490).
4349
Let u(n) = 1881*n + 258. What are the prime factors of u(5)?
3, 3221
Let j = 6416 - -21651. What are the prime factors of j?
13, 17, 127
Suppose 47184 = -v + 9*v. What are the prime factors of v?
2, 3, 983
Suppose 21*b - 16146 = -25*b. List the prime factors of b.
3, 13
Let d be (-24)/(-32) - (-7)/(-4). Let f = 19 - 24. List the prime factors of (-184)/d - (5 + f).
2, 23
Let t = 721 - -3743. Suppose 42*x = 18*x + t. What are the prime factors of x?
2, 3, 31
Let f = 7326 + -4539. Suppose 4*d - f = -5*h + 571, h = 3*d + 683. What are the prime factors of h?
2, 337
Let z(d) = 5997*d - 6026. What are the prime factors of z(5)?
13, 19, 97
List the prime factors of 2/9 + ((-59032)/36)/(-1).
2, 5, 41
Let m(a) be the third derivative of a**5/30 - a**3/3 - 3*a**2. Let i be m(2). Suppose -170 = h - i*h. What are the prime factors of h?
2, 17
Let n = -36956 - -55054. What are the prime factors of n?
2, 9049
Suppose -j + 2465 = 2*m - 7*m, -4855 = -2*j - 5*m. Suppose -31*i + 36*i = -j. Let v = -335 - i. List the prime factors of v.
3, 17
Let p = 23 + -23. Suppose 5*i = o + o + 240, -i + 4 = p. Let d = 185 + o. List the prime factors of d.
3, 5
Let t(d) = 1052*d**2 - 105*d + 295. What are the prime factors of t(3)?
2, 1181
Let f be (-2 - 317) + (-4 - -1). Let k = 1192 + f. List the prime factors of k.
2, 3, 5, 29
Suppose h - 20 = -w, 0*h + 5*h = 3*w - 60. Let y(a) = w + 12 + 4*a - 6 + a**2. List the prime factors of y(-13).
11, 13
Let q = 5901 + -96. List the prime factors of q.
3, 5, 43
Let x be -5*(188/(-20) + 1). Let g = 23 - x. Let d(f) = -4*f + 7. List the prime factors of d(g).
83
Let f(r) = r**2 - 14*r - 13. Let h be f(15). Suppose -h*c - 5*s + 813 = 0, -3*s - 523 = 5*c - 2508. List the prime factors of c.
2, 197
Let h be (-76 - -54)/(0 - 2). Suppose 2*j + 474 = g, h*j - 25 = 6*j. List the prime factors of g.
2, 11
Suppose -2*h - 21 + 25 = 0. Suppose 0 = 2*u - 0*u - h*c - 312, -u - c = -156. Suppose -11*i = -15*i + u. What are the prime factors of i?
3, 13
Let w = -824 - -1308. Suppose 2*k = -0*k - 8, -4*q = 3*k - w. List the prime factors of -1 + 3/(12/q).
2, 3, 5
Suppose 21*a - 10664 = 10*a + 181473. What are the prime factors of a?
17467
Let j(y) = y**3 + 24*y**2 - 63*y - 35. Suppose -12*t = -6*t + 144. What are the prime factors of j(t)?
7, 211
Let k be (2/(4/5))/(3/6). Let o be 19/4 + k/20. What are the prime factors of ((-16)/10)/(o/(-50))?
2
Suppose 2*a = 3*y - 394, 24*y + 2*a = 25*y - 134. Let g(k) = -k + 240. Let t be g(0). Suppose -2*m - t = -4*w + m, 2*w - y = -m. List the prime factors of w.
3, 7
Suppose 4*r = -0*r + 12. Suppose r*g - 3008 = -896. Suppose 7*t - 3*t = g. List the prime factors of t.
2, 11
Let w(b) = -6*b + 84. Let p be w(14). Suppose 9*o - 3797 - 3943 = p. List the prime factors of o.
2, 5, 43
Let v(i) = -i**2 - 18*i - 34. Let n be v(-2). What are the prime factors of -1 - n - (-398 - -21)?
2, 3, 7
Let m = 80 - 80. Suppose m = 3*h + 115 + 38. What are the prime factors of ((-42)/4 + 0)*(h - -45)?
3, 7
Suppose -2*p - 58 = -3*p. Suppose -5*y + 101 = t, -6*y - 360 = -3*t - 2*y. Let d = t + p. What are the prime factors of d?
2, 3, 29
Let k(r) = -r**3 + 20*r**2 + 23*r - 39. Let o be k(21). Suppose -4*a + 674 = -8*s + o*s, -5*a - 3*s + 861 = 0. What are the prime factors of a?
3, 19
Let t be ((-9 - 117) + -8)*38/(-4). Suppose 17*p - t = 257. What are the prime factors of p?
2, 3, 5
Let u(a) = 13*a**2 - 7*a - 1454. List the prime factors of u(-41).
2, 10343
Let k(v) = v + 17. Let a be 6/(12/4 + -4) - 3. Let o be k(a). Suppose -o*l = -11*l + 216. What are the prime factors of l?
2, 3
Let c(j) = 2*j**2 - 5*j + 5. Let n be c(5). Let f be -1 + -15 - (-9)/(90/(-40)). Let d = f + n. List the prime factors of d.
2, 5
Let s(j) = 122*j**2 + 45*j - 134. List the prime factors of s(9).
11, 13, 71
Suppose -2*f = 3*t - 6*f + 260, -3 = 3*f. List the prime factors of 34192/22 - 4*(-4)/t.
2, 3, 7, 37
Let k(w) be the third derivative of w**5/60 - 13*w**4/24 - 7*w**3/2 - 3*w**2. Suppose -4*f = -8, -n + 17 = -0*n - f. List the prime factors of k(n).
3, 31
Let w(x) = -19*x - 2. Let i be w(-11). Suppose -r = -4*j - i, -2*j + 2*r + 0*r - 102 = 0. Let d = j + 86. List the prime factors of d.
2, 17
Suppose -6018600 = -789*p + 264*p. List the prime factors of p.
2, 1433
Let t = -8351 - -16098. What are the prime factors of t?
61, 127
Suppose -2*w = w - k - 9535, 15881 = 5*w + k. Suppose 0*p + 9*p = w. What are the prime factors of p?
353
Suppose -4*z + 221 = -3*q - 149, -5*z - 262 = 2*q. Let m = q - -130. What are the prime factors of 51 - (2 + -2)/m?
3, 17
Suppose -1345852 + 318181 = -132*z + 79017. List the prime factors of z.
2, 131
Suppose -16 = -4*l, 252297 = 5*q - l - 56784. What are the prime factors of q?
7, 8831
Let t(h) = 76*h + 2623. List the prime factors of t(85).
31, 293
Let t(a) = a**3 + 19*a**2 + 17*a + 22. Let o be t(-18). Let j = o + -42. What are the prime factors of -2 - (-1 + j) - -28?
29
Let j be 4/((-4)/(-5)) - (11 - -31). Let k = 125 - j. List the prime factors of k.
2, 3
Let j be -20*(-9)/18*(-316)/(-2). Let a = -571 + j. What are the prime factors of a?
1009
Suppose 141*f - 75078 = 125*f + 28474. List the prime factors of f.
2, 809
Suppose 0 = 170*m + 268*m - 19109502. What are the prime factors of m?
3, 14543
Let u(z) = -24*z + 82. Let y be u(-26). Let g = y + -332. What are the prime factors of g?
2, 11, 17
Let v(d) = 1039*d**2 + 58*d + 574. What are the prime factors of v(-8)?
2, 3, 17, 653
Let z(x) = 4*x**3 - 4*x**2 + 16*x + 73. Let s(q) = 9*q**3 - 8*q**2 + 32*q + 147. Let d(i) = 2*s(i) - 5*z(i). List the prime factors of d(-6).
601
Let c(f) = 27*f - 14. Let m = 65 + -61. Let y be c(m). Let x = 6 + y. What are the prime factors of x?
2, 5
List the prime factors of (6556/(-8) - (9 - 14))/(1/(-6)).
3, 181
Suppose 214 + 54 = 4*l. Let s = -50 + l. Let c = s + 8. What are the prime factors of c?
5
What are the prime factors of ((141273/(-77))/(4/(-14)))/(10/20)?
3, 1427
Let w(p) = -2*p**3 - p + 5*p**2 + 6*p + 4 + 3*p**3. Let z be w(-4). Suppose z = 3*c + 3*i - 186, -3*c + 59 = 2*i - 123. List the prime factors of c.
2, 29
Let f(h) = -h**3 - 3*h**2 - 2*h + 310. Let i be f(0). Let o = i + -142. List the prime factors of o.
2, 3, 7
Suppose 5*o - 11*o - 36 = 0. Let x(i) = i**3 + 5*i**2 - 5*i + 11. Let a be x(o). List the prime factors of (876/(-16))/(a/(-20)).
3, 73
Let m(g) = g**3 + 12*g**2 - 18*g - 18. Let r be m(-12). Suppose r = 2*x + x. Suppose 0 = 2*q - 36 - x. List the prime factors of q.
3, 17
Suppose 